{"id":250,"date":"2025-12-02T10:42:35","date_gmt":"2025-12-02T09:42:35","guid":{"rendered":"https:\/\/saint-elme.com\/?page_id=250"},"modified":"2026-04-04T00:49:41","modified_gmt":"2026-04-03T22:49:41","slug":"actualites","status":"publish","type":"page","link":"https:\/\/saint-elme.com\/index.php\/actualites\/","title":{"rendered":"Actualit\u00e9s"},"content":{"rendered":"\t\t<div data-elementor-type=\"wp-page\" data-elementor-id=\"250\" class=\"elementor elementor-250\">\n\t\t\t\t<div class=\"elementor-element elementor-element-0455265 e-grid e-con-boxed e-con e-parent\" data-id=\"0455265\" data-element_type=\"container\">\n\t\t\t\t\t<div class=\"e-con-inner\">\n\t\t\t\t<div class=\"elementor-element elementor-element-26bfc5b elementor-widget elementor-widget-image\" data-id=\"26bfc5b\" data-element_type=\"widget\" data-widget_type=\"image.default\">\n\t\t\t\t\t\t\t\t\t\t\t\t<figure class=\"wp-caption\">\n\t\t\t\t\t\t\t\t\t\t\t<a href=\"https:\/\/saint-elme.com\/index.php\/2025\/11\/26\/actu-petanque\/\">\n\t\t\t\t\t\t\t<img fetchpriority=\"high\" decoding=\"async\" width=\"1444\" height=\"920\" src=\"https:\/\/saint-elme.com\/wp-content\/uploads\/2025\/11\/1444x920_premier-jour-du-mondial-la-marseillaise-ptanque-au-parc-borly-marseille-le-4-juillet-2010.jpg\" class=\"elementor-animation-grow attachment-full size-full wp-image-1105\" alt=\"\" srcset=\"https:\/\/saint-elme.com\/wp-content\/uploads\/2025\/11\/1444x920_premier-jour-du-mondial-la-marseillaise-ptanque-au-parc-borly-marseille-le-4-juillet-2010.jpg 1444w, https:\/\/saint-elme.com\/wp-content\/uploads\/2025\/11\/1444x920_premier-jour-du-mondial-la-marseillaise-ptanque-au-parc-borly-marseille-le-4-juillet-2010-300x191.jpg 300w, https:\/\/saint-elme.com\/wp-content\/uploads\/2025\/11\/1444x920_premier-jour-du-mondial-la-marseillaise-ptanque-au-parc-borly-marseille-le-4-juillet-2010-1024x652.jpg 1024w, https:\/\/saint-elme.com\/wp-content\/uploads\/2025\/11\/1444x920_premier-jour-du-mondial-la-marseillaise-ptanque-au-parc-borly-marseille-le-4-juillet-2010-768x489.jpg 768w, https:\/\/saint-elme.com\/wp-content\/uploads\/2025\/11\/1444x920_premier-jour-du-mondial-la-marseillaise-ptanque-au-parc-borly-marseille-le-4-juillet-2010-565x360.jpg 565w\" sizes=\"(max-width: 1444px) 100vw, 1444px\" \/>\t\t\t\t\t\t\t\t<\/a>\n\t\t\t\t\t\t\t\t\t\t\t<figcaption class=\"widget-image-caption wp-caption-text\">Actu p\u00e9tanque<\/figcaption>\n\t\t\t\t\t\t\t\t\t\t<\/figure>\n\t\t\t\t\t\t\t\t\t<\/div>\n\t\t\t\t<div class=\"elementor-element elementor-element-b1dc678 elementor-widget elementor-widget-image\" data-id=\"b1dc678\" data-element_type=\"widget\" data-widget_type=\"image.default\">\n\t\t\t\t\t\t\t\t\t\t\t\t<figure class=\"wp-caption\">\n\t\t\t\t\t\t\t\t\t\t\t<a href=\"https:\/\/saint-elme.com\/index.php\/2025\/11\/26\/actu-peche\/\">\n\t\t\t\t\t\t\t<img decoding=\"async\" width=\"413\" height=\"310\" src=\"https:\/\/saint-elme.com\/wp-content\/uploads\/2026\/01\/Capture-decran-2026-01-15-233629.jpg\" class=\"elementor-animation-grow attachment-full size-full wp-image-1225\" alt=\"\" srcset=\"https:\/\/saint-elme.com\/wp-content\/uploads\/2026\/01\/Capture-decran-2026-01-15-233629.jpg 413w, https:\/\/saint-elme.com\/wp-content\/uploads\/2026\/01\/Capture-decran-2026-01-15-233629-300x225.jpg 300w\" sizes=\"(max-width: 413px) 100vw, 413px\" \/>\t\t\t\t\t\t\t\t<\/a>\n\t\t\t\t\t\t\t\t\t\t\t<figcaption class=\"widget-image-caption wp-caption-text\">Actu p\u00eache<\/figcaption>\n\t\t\t\t\t\t\t\t\t\t<\/figure>\n\t\t\t\t\t\t\t\t\t<\/div>\n\t\t\t\t<div class=\"elementor-element elementor-element-d96990e elementor-widget elementor-widget-image\" data-id=\"d96990e\" data-element_type=\"widget\" data-widget_type=\"image.default\">\n\t\t\t\t\t\t\t\t\t\t\t\t<figure class=\"wp-caption\">\n\t\t\t\t\t\t\t\t\t\t\t<a href=\"https:\/\/saint-elme.com\/index.php\/2025\/11\/26\/actu-marche\/\">\n\t\t\t\t\t\t\t<img decoding=\"async\" width=\"935\" height=\"692\" src=\"https:\/\/saint-elme.com\/wp-content\/uploads\/2025\/11\/Capture-decran-2026-02-19-014841.jpg\" class=\"elementor-animation-grow attachment-full size-full wp-image-1693\" alt=\"\" srcset=\"https:\/\/saint-elme.com\/wp-content\/uploads\/2025\/11\/Capture-decran-2026-02-19-014841.jpg 935w, https:\/\/saint-elme.com\/wp-content\/uploads\/2025\/11\/Capture-decran-2026-02-19-014841-300x222.jpg 300w, https:\/\/saint-elme.com\/wp-content\/uploads\/2025\/11\/Capture-decran-2026-02-19-014841-768x568.jpg 768w, https:\/\/saint-elme.com\/wp-content\/uploads\/2025\/11\/Capture-decran-2026-02-19-014841-486x360.jpg 486w\" sizes=\"(max-width: 935px) 100vw, 935px\" \/>\t\t\t\t\t\t\t\t<\/a>\n\t\t\t\t\t\t\t\t\t\t\t<figcaption class=\"widget-image-caption wp-caption-text\">Actu Randonn\u00e9e<\/figcaption>\n\t\t\t\t\t\t\t\t\t\t<\/figure>\n\t\t\t\t\t\t\t\t\t<\/div>\n\t\t\t\t\t<\/div>\n\t\t\t\t<\/div>\n\t\t<div class=\"elementor-element elementor-element-201c109 e-grid e-con-full e-con e-parent\" data-id=\"201c109\" data-element_type=\"container\">\n\t\t\t\t<div class=\"elementor-element elementor-element-f0ede4f elementor-widget elementor-widget-image\" data-id=\"f0ede4f\" data-element_type=\"widget\" data-widget_type=\"image.default\">\n\t\t\t\t\t\t\t\t\t\t\t\t<figure class=\"wp-caption\">\n\t\t\t\t\t\t\t\t\t\t\t<a href=\"https:\/\/saint-elme.com\/index.php\/2025\/12\/02\/programme-mensuel-des-activites-de-la-snse\/\">\n\t\t\t\t\t\t\t<img loading=\"lazy\" decoding=\"async\" width=\"1754\" height=\"1240\" src=\"https:\/\/saint-elme.com\/wp-content\/uploads\/2025\/12\/Programme-mensuel-des-activites-Avril-2026.jpeg\" class=\"elementor-animation-grow attachment-full size-full wp-image-1970\" alt=\"\" srcset=\"https:\/\/saint-elme.com\/wp-content\/uploads\/2025\/12\/Programme-mensuel-des-activites-Avril-2026.jpeg 1754w, https:\/\/saint-elme.com\/wp-content\/uploads\/2025\/12\/Programme-mensuel-des-activites-Avril-2026-300x212.jpeg 300w, https:\/\/saint-elme.com\/wp-content\/uploads\/2025\/12\/Programme-mensuel-des-activites-Avril-2026-1024x724.jpeg 1024w, https:\/\/saint-elme.com\/wp-content\/uploads\/2025\/12\/Programme-mensuel-des-activites-Avril-2026-768x543.jpeg 768w, https:\/\/saint-elme.com\/wp-content\/uploads\/2025\/12\/Programme-mensuel-des-activites-Avril-2026-1536x1086.jpeg 1536w, https:\/\/saint-elme.com\/wp-content\/uploads\/2025\/12\/Programme-mensuel-des-activites-Avril-2026-509x360.jpeg 509w\" sizes=\"(max-width: 1754px) 100vw, 1754px\" \/>\t\t\t\t\t\t\t\t<\/a>\n\t\t\t\t\t\t\t\t\t\t\t<figcaption class=\"widget-image-caption wp-caption-text\">Programme mensuel des activit\u00e9s<\/figcaption>\n\t\t\t\t\t\t\t\t\t\t<\/figure>\n\t\t\t\t\t\t\t\t\t<\/div>\n\t\t\t\t<div class=\"elementor-element elementor-element-f25c448 elementor-widget elementor-widget-image\" data-id=\"f25c448\" data-element_type=\"widget\" data-widget_type=\"image.default\">\n\t\t\t\t\t\t\t\t\t\t\t\t<figure class=\"wp-caption\">\n\t\t\t\t\t\t\t\t\t\t\t<a href=\"https:\/\/saint-elme.com\/index.php\/2026\/02\/02\/actualites-informations\/\">\n\t\t\t\t\t\t\t<img loading=\"lazy\" decoding=\"async\" width=\"509\" height=\"341\" src=\"https:\/\/saint-elme.com\/wp-content\/uploads\/2026\/02\/Actualites-informations-1.jpg\" class=\"elementor-animation-grow attachment-full size-full wp-image-1344\" alt=\"\" srcset=\"https:\/\/saint-elme.com\/wp-content\/uploads\/2026\/02\/Actualites-informations-1.jpg 509w, https:\/\/saint-elme.com\/wp-content\/uploads\/2026\/02\/Actualites-informations-1-300x201.jpg 300w\" sizes=\"(max-width: 509px) 100vw, 509px\" \/>\t\t\t\t\t\t\t\t<\/a>\n\t\t\t\t\t\t\t\t\t\t\t<figcaption class=\"widget-image-caption wp-caption-text\">Actualit\u00e9s - Informations<\/figcaption>\n\t\t\t\t\t\t\t\t\t\t<\/figure>\n\t\t\t\t\t\t\t\t\t<\/div>\n\t\t\t\t<\/div>\n\t\t\t\t<\/div>\n\t\t","protected":false},"excerpt":{"rendered":"<p>Actu p\u00e9tanque Actu p\u00eache Actu Randonn\u00e9e Programme mensuel des activit\u00e9s Actualit\u00e9s &#8211; Informations<\/p>\n","protected":false},"author":2,"featured_media":388,"parent":0,"menu_order":0,"comment_status":"closed","ping_status":"closed","template":"","meta":{"_kadence_starter_templates_imported_post":false,"footnotes":""},"class_list":["post-250","page","type-page","status-publish","has-post-thumbnail","hentry"],"_links":{"self":[{"href":"https:\/\/saint-elme.com\/index.php\/wp-json\/wp\/v2\/pages\/250","targetHints":{"allow":["GET"]}}],"collection":[{"href":"https:\/\/saint-elme.com\/index.php\/wp-json\/wp\/v2\/pages"}],"about":[{"href":"https:\/\/saint-elme.com\/index.php\/wp-json\/wp\/v2\/types\/page"}],"author":[{"embeddable":true,"href":"https:\/\/saint-elme.com\/index.php\/wp-json\/wp\/v2\/users\/2"}],"replies":[{"embeddable":true,"href":"https:\/\/saint-elme.com\/index.php\/wp-json\/wp\/v2\/comments?post=250"}],"version-history":[{"count":203,"href":"https:\/\/saint-elme.com\/index.php\/wp-json\/wp\/v2\/pages\/250\/revisions"}],"predecessor-version":[{"id":1976,"href":"https:\/\/saint-elme.com\/index.php\/wp-json\/wp\/v2\/pages\/250\/revisions\/1976"}],"wp:featuredmedia":[{"embeddable":true,"href":"https:\/\/saint-elme.com\/index.php\/wp-json\/wp\/v2\/media\/388"}],"wp:attachment":[{"href":"https:\/\/saint-elme.com\/index.php\/wp-json\/wp\/v2\/media?parent=250"}],"curies":[{"name":"wp","href":"https:\/\/api.w.org\/{rel}","templated":true}]}}